{"id":1875,"date":"2014-09-03T16:40:17","date_gmt":"2014-09-03T14:40:17","guid":{"rendered":"http:\/\/medimurje.info\/wp\/?page_id=1875"},"modified":"2015-05-22T15:12:38","modified_gmt":"2015-05-22T13:12:38","slug":"mura-drava-tv-2-2","status":"publish","type":"page","link":"https:\/\/medimurje.info\/wp\/mura-drava-tv-2-2\/","title":{"rendered":"MURA DRAVA TV"},"content":{"rendered":"[allvideogallery profile=2 sort=1 ]\n<hr \/>\n<p style=\"text-align: justify;\"><span style=\"font-size: 14px;\">Emisija Mura Drava TV je dio projekta <a href=\"http:\/\/www.muramedia.eu\" target=\"_blank\">3M Mura-Media-Minority<\/a> koji se provodi u okviru Operativnog programa prekograni\u010dne suradnje Slovenija-Hrvatska 2007.-2013. i djelomi\u010dno je financiran od Europske unije unutar Europskog fonda za regionalni razvoj.<\/span><\/p>\n<p style=\"text-align: justify;\"><span style=\"font-size: 14px;\">Izjava o odricanju odgovornosti:<\/span><\/p>\n<p style=\"text-align: justify;\"><span style=\"font-size: 14px;\">&#8220;Stajali\u0161ta izra\u017eena u ovom video materijalu ne\u00a0odra\u017eavaju nu\u017eno stajali\u0161te Ureda Vlade Republike Hrvatske za udruge\u201c<\/span><\/p>\n<p style=\"text-align: justify;\"><span style=\"font-size: 14px;\"><a href=\"http:\/\/www.muramedia.eu\" target=\"_blank\"><img decoding=\"async\" class=\"alignnone size-full wp-image-1915\" src=\"http:\/\/medimurje.info\/wp\/wp-content\/uploads\/2014\/09\/mura-tv-baner1.jpg\" alt=\"3M Mura-Media-Minority\" width=\"100%\" srcset=\"https:\/\/medimurje.info\/wp\/wp-content\/uploads\/2014\/09\/mura-tv-baner1.jpg 800w, https:\/\/medimurje.info\/wp\/wp-content\/uploads\/2014\/09\/mura-tv-baner1-100x16.jpg 100w, https:\/\/medimurje.info\/wp\/wp-content\/uploads\/2014\/09\/mura-tv-baner1-300x48.jpg 300w\" sizes=\"(max-width: 800px) 100vw, 800px\" \/><\/a><\/span><\/p>\n","protected":false},"excerpt":{"rendered":"<p>[allvideogallery profile=2 sort=1 ] Emisija Mura Drava TV je dio projekta 3M Mura-Media-Minority koji se provodi u okviru Operativnog programa prekograni\u010dne suradnje Slovenija-Hrvatska 2007.-2013. i djelomi\u010dno je financiran od Europske unije unutar Europskog fonda za regionalni razvoj. Izjava o odricanju odgovornosti: &#8220;Stajali\u0161ta izra\u017eena u ovom video materijalu ne\u00a0odra\u017eavaju nu\u017eno stajali\u0161te Ureda Vlade Republike Hrvatske za [&hellip;]<\/p>\n","protected":false},"author":1,"featured_media":0,"parent":0,"menu_order":0,"comment_status":"closed","ping_status":"closed","template":"","meta":{"footnotes":"","_links_to":"","_links_to_target":""},"class_list":["post-1875","page","type-page","status-publish","hentry"],"_links":{"self":[{"href":"https:\/\/medimurje.info\/wp\/wp-json\/wp\/v2\/pages\/1875","targetHints":{"allow":["GET"]}}],"collection":[{"href":"https:\/\/medimurje.info\/wp\/wp-json\/wp\/v2\/pages"}],"about":[{"href":"https:\/\/medimurje.info\/wp\/wp-json\/wp\/v2\/types\/page"}],"author":[{"embeddable":true,"href":"https:\/\/medimurje.info\/wp\/wp-json\/wp\/v2\/users\/1"}],"replies":[{"embeddable":true,"href":"https:\/\/medimurje.info\/wp\/wp-json\/wp\/v2\/comments?post=1875"}],"version-history":[{"count":46,"href":"https:\/\/medimurje.info\/wp\/wp-json\/wp\/v2\/pages\/1875\/revisions"}],"predecessor-version":[{"id":11956,"href":"https:\/\/medimurje.info\/wp\/wp-json\/wp\/v2\/pages\/1875\/revisions\/11956"}],"wp:attachment":[{"href":"https:\/\/medimurje.info\/wp\/wp-json\/wp\/v2\/media?parent=1875"}],"curies":[{"name":"wp","href":"https:\/\/api.w.org\/{rel}","templated":true}]}}

[allvideogallery profile=2 sort=1 ]
<hr />
<p style="text-align: justify;"><span style="font-size: 14px;">Emisija Mura Drava TV je dio projekta <a href="http://www.muramedia.eu" target="_blank">3M Mura-Media-Minority</a> koji se provodi u okviru Operativnog programa prekogranične suradnje Slovenija-Hrvatska 2007.-2013. i djelomično je financiran od Europske unije unutar Europskog fonda za regionalni razvoj.</span></p>
<p style="text-align: justify;"><span style="font-size: 14px;">Izjava o odricanju odgovornosti:</span></p>
<p style="text-align: justify;"><span style="font-size: 14px;">&#8220;Stajališta izražena u ovom video materijalu ne odražavaju nužno stajalište Ureda Vlade Republike Hrvatske za udruge“</span></p>
<p style="text-align: justify;"><span style="font-size: 14px;"><a href="http://www.muramedia.eu" target="_blank"><img decoding="async" class="alignnone size-full wp-image-1915" src="http://medimurje.info/wp/wp-content/uploads/2014/09/mura-tv-baner1.jpg" alt="3M Mura-Media-Minority" width="100%" srcset="https://medimurje.info/wp/wp-content/uploads/2014/09/mura-tv-baner1.jpg 800w, https://medimurje.info/wp/wp-content/uploads/2014/09/mura-tv-baner1-100x16.jpg 100w, https://medimurje.info/wp/wp-content/uploads/2014/09/mura-tv-baner1-300x48.jpg 300w" sizes="(max-width: 800px) 100vw, 800px" /></a></span></p>

<p>[allvideogallery profile=2 sort=1 ] Emisija Mura Drava TV je dio projekta 3M Mura-Media-Minority koji se provodi u okviru Operativnog programa prekogranične suradnje Slovenija-Hrvatska 2007.-2013. i djelomično je financiran od Europske unije unutar Europskog fonda za regionalni razvoj. Izjava o odricanju odgovornosti: &#8220;Stajališta izražena u ovom video materijalu ne odražavaju nužno stajalište Ureda Vlade Republike Hrvatske za [&hellip;]</p>
